043684?
0
What is the hundred thousands digit of 48586297?
5
What is the ten thousands digit of 194641491?
4
What is the tens digit of 15305956?
5
What is the ten thousands digit of 190256072?
5
What is the thousands digit of 216425433?
5
What is the hundreds digit of 14038688?
6
What is the units digit of 124525313?
3
What is the millions digit of 160857777?
0
What is the thousands digit of 12903141?
3
What is the ten thousands digit of 53341725?
4
What is the hundred millions digit of 225156710?
2
What is the thousands digit of 49440284?
0
What is the ten thousands digit of 142625897?
2
What is the thousands digit of 2128009407?
9
What is the tens digit of 706290378?
7
What is the hundred thousands digit of 116064632?
0
What is the hundred thousands digit of 2251417908?
4
What is the ten millions digit of 32917893?
3
What is the units digit of 545018664?
4
What is the hundred thousands digit of 56043620?
0
What is the hundred thousands digit of 10062375?
0
What is the millions digit of 1686085813?
6
What is the thousands digit of 13567989?
7
What is the ten millions digit of 3425139800?
2
What is the hundreds digit of 678947423?
4
What is the ten millions digit of 2708083925?
0
What is the hundred thousands digit of 310054096?
0
What is the thousands digit of 3215688746?
8
What is the thousands digit of 111983599?
3
What is the ten thousands digit of 11355420?
5
What is the hundreds digit of 60304943?
9
What is the hundreds digit of 28322903?
9
What is the ten thousands digit of 418392827?
9
What is the ten thousands digit of 1527754?
2
What is the hundreds digit of 229288686?
6
What is the ten thousands digit of 2741336278?
3
What is the hundred millions digit of 238409005?
2
What is the hundred millions digit of 4049211271?
0
What is the billions digit of 2077260250?
2
What is the ten thousands digit of 26353873?
5
What is the ten millions digit of 505136455?
0
What is the hundreds digit of 69271984?
9
What is the hundreds digit of 517662593?
5
What is the ten millions digit of 6403266907?
0
What is the millions digit of 208129202?
8
What is the hundred thousands digit of 108361640?
3
What is the hundred millions digit of 1509643428?
5
What is the millions digit of 1284919231?
4
What is the ten thousands digit of 57684566?
8
What is the thousands digit of 85818219?
8
What is the ten millions digit of 61402693?
6
What is the ten millions digit of 47777136?
4
What is the hundred thousands digit of 42031920?
0
What is the millions digit of 42757942?
2
What is the millions digit of 87440559?
7
What is the hundreds digit of 1330246572?
5
What is the ten millions digit of 299180635?
9
What is the hundreds digit of 1676153384?
3
What is the ten thousands digit of 3857599156?
9
What is the tens digit of 1753373257?
5
What is the hundreds digit of 82825901?
9
What is the hundred thousands digit of 263856179?
8
What is the tens digit of 5870606089?
8
What is the billions digit of 3098474195?
3
What is the hundred thousands digit of 938674280?
6
What is the units digit of 323178415?
5
What is the hundred thousands digit of 268935453?
9
What is the units digit of 1142684116?
6
What is the hundreds digit of 2660479712?
7
What is the millions digit of 45585321?
5
What is the hundred thousands digit of 116772051?
7
What is the thousands digit of 424014764?
4
What is the thousands digit of 128507887?
7
What is the ten millions digit of 82013996?
8
What is the ten millions digit of 4004859383?
0
What is the thousands digit of 421443772?
3
What is the hundreds digit of 595818082?
0
What is the millions digit of 839458132?
9
What is the ten millions digit of 59868966?
5
What is the hundred thousands digit of 833066629?
0
What is the ten millions digit of 107074319?
0
What is the billions digit of 2921535378?
2
What is the tens digit of 403768658?
5
What is the ten millions digit of 420691630?
2
What is the millions digit of 329318660?
9
What is the hundred thousands digit of 519753129?
7
What is the thousands digit of 3088337353?
7
What is the ten millions digit of 109732389?
0
What is the hundred thousands digit of 735911568?
9
What is the hundred thousands digit of 5367373946?
3
What is the units digit of 29498996?
6
What is the hundred thousands digit of 443978335?
9
What is the hundreds digit of 1066698237?
2
What is the tens digit of 1033245063?
6
What is the tens digit of 1104960296?
9
What is the units digit of 7373523?
3
What is the ten millions digit of 47155940?
4
What is the hundred thousands digit of 378254937?
2
What is the hundreds digit of 1097765403?
4
What is the hundred millions digit of 219343754?
2
What is the millions digit of 22418869?
2
What is the tens digit of 6197862686?
8
What is the tens digit of 598121058?
5
What is the hundred millions digit of 1573021166?
5
What is the billions digit of 1343807411?
1
What is the thousands digit of 226398677?
8
What is the tens digit of 3212578557?
5
What is the tens digit of 1022462308?
0
What is the units digit of 341870229?
9
What is the tens digit of 158711683?
8
What is the ten millions digit of 305964378?
0
What is the tens digit of 332408286?
8
What is the millions digit of 58169958?
8
What is the thousands digit of 1391557916?
7
What is the units digit of 840367387?
7
What is the ten thousands digit of 238663572?
6
What is the ten millions digit of 791611060?
9
What is the thousands digit of 227911752?
1
What is the millions digit of 24706593?
4
What is the hundreds digit of 161732542?
5
What is the tens digit of 3601345?
4
What is the units digit of 87156762?
2
What is the hundreds digit of 67192316?
3
What is the hundreds digit of 623248575?
5
What is the ten thousands digit of 1016079893?
7
What is the thousands digit of 598211906?
1
What is the hundred thousands digit of 817373268?
3
What is the thousands digit of 10012029?
2
What is the ten thousands digit of 491856101?
5
What is the tens digit of 260352960?
6
What is the tens digit of 3761200076?
7
What is the units digit of 402193488?
8
What is the millions digit of 52988115?
2
What is the millions digit of 453337455?
3
What is the units digit of 27972731?
1
What is the units digit of 38233137?
7
What is the millions digit of 37277919?
7
What is the ten millions digit of 416695977?
1
What is the ten thousands digit of 161117103?
1
What is the millions digit of 1090389797?
0
What is the thousands digit of 761278531?
8
What is the ten millions digit of 50362849?
5
What is the ten millions digit of 1648565691?
4
What is the hundreds digit of 95292662?
6
What is the hundred thousands digit of 34002651?
0
What is the units digit of 229422772?
2
What is the thousands digit of 928082410?
2
What is the thousands digit of 27401084?
1
What is the ten millions digit of 192833731?
9
What is the ten millions digit of 306667064?
0
What is the hundred thousands digit of 542428619?
4
What is the thousands digit of 27302428?
2
What is the hundreds digit of 92608459?
4
What is the units digit of 74330509?
9
What is the hundreds digit of 5113968181?
1
What is the ten thousands digit of 742712962?
1
What is the thousands digit of 104724802?
4
What is the hundreds digit of 239877450?
4
What is the units digit of 107928854?
4
What is the millions digit of 332846364?
2
What is the millions digit of 862476291?
2
What is the tens digit of 165706563?
6
What is the hundred thousands digit of 28970501?
9
What is the hundred millions digit of 231380849?
2
What is the thousands digit of 56277410?
7
What is the ten thousands digit of 1096232470?
3
What is the ten thousands digit of 1413400272?
0
What is the ten thousands digit of 130569064?
6
What is the ten thousands digit of 37100876?
0
What is the ten millions digit of 119054995?
1
What is the hundred thousands digit of 2332738514?
7
What is the ten thousands digit of 3233412918?
1
What is the hundreds digit of 120706686?
6
What is the tens digit of 301019412?
1
What is the millions digit of 636890076?
6
What is the millions digit of 50036546?
0
What is the hundred thousands digit of 51266781?
2
What is the ten thousands digit of 3445279?
4
What is the thousands digit of 259714004?
4
What is the hundred thousands digit of 2187554401?
5
What is the millions digit of 2202781566?
2
What is the ten thousand